9?
9
What is the highest common factor of 36 and 72?
36
Calculate the greatest common factor of 80 and 432.
16
Calculate the greatest common divisor of 5 and 365.
5
What is the highest common divisor of 5912 and 24?
8
What is the greatest common factor of 182 and 416?
26
What is the greatest common factor of 16 and 72?
8
What is the greatest common factor of 1564 and 136?
68
What is the greatest common factor of 8 and 24?
8
Calculate the greatest common divisor of 1603 and 7.
7
Calculate the highest common factor of 54 and 1854.
18
What is the greatest common divisor of 9779 and 35?
7
Calculate the greatest common factor of 539 and 49.
49
Calculate the highest common divisor of 7 and 6230.
7
What is the greatest common factor of 3795 and 495?
165
Calculate the highest common divisor of 180 and 348.
12
What is the highest common divisor of 14 and 21?
7
What is the highest common factor of 34 and 238?
34
What is the greatest common divisor of 101 and 51106?
101
What is the greatest common factor of 3 and 177?
3
Calculate the greatest common factor of 1577 and 83.
83
Calculate the greatest common factor of 45 and 2745.
45
What is the highest common factor of 475 and 1615?
95
Calculate the greatest common factor of 7680 and 30.
30
What is the greatest common divisor of 1182 and 21?
3
Calculate the greatest common factor of 72 and 72.
72
Calculate the highest common factor of 45848 and 88.
88
What is the highest common divisor of 80 and 220?
20
Calculate the greatest common factor of 16 and 80.
16
Calculate the highest common factor of 1974 and 126.
42
Calculate the highest common divisor of 108 and 96.
12
Calculate the highest common factor of 44 and 22.
22
What is the highest common factor of 49 and 3584?
7
Calculate the greatest common divisor of 2070 and 80.
10
Calculate the highest common divisor of 272 and 629.
17
What is the highest common divisor of 88 and 15169?
11
Calculate the greatest common divisor of 10 and 235.
5
Calculate the greatest common factor of 100 and 35.
5
What is the highest common factor of 2 and 134?
2
Calculate the greatest common factor of 260 and 45.
5
Calculate the greatest common factor of 2183 and 37.
37
What is the highest common divisor of 168 and 357?
21
Calculate the greatest common factor of 128 and 448.
64
What is the highest common divisor of 6 and 4?
2
Calculate the highest common factor of 399 and 1064.
133
What is the greatest common divisor of 295 and 250?
5
Calculate the highest common divisor of 102 and 1377.
51
Calculate the highest common factor of 150 and 13400.
50
What is the greatest common factor of 165 and 75?
15
What is the greatest common divisor of 66 and 330?
66
Calculate the greatest common divisor of 13018 and 138.
46
Calculate the highest common factor of 168 and 24.
24
Calculate the highest common divisor of 38 and 342.
38
Calculate the greatest common divisor of 48 and 48.
48
What is the highest common factor of 156 and 546?
78
Calculate the greatest common divisor of 336 and 294.
42
What is the greatest common divisor of 112 and 287?
7
What is the highest common divisor of 23 and 368?
23
What is the greatest common factor of 84 and 24213?
21
What is the greatest common factor of 44 and 4796?
44
What is the greatest common factor of 7 and 21?
7
Calculate the greatest common factor of 83 and 122923.
83
Calculate the highest common divisor of 77 and 14.
7
Calculate the greatest common factor of 15 and 85245.
15
What is the highest common divisor of 10 and 630?
10
Calculate the highest common divisor of 548 and 1781.
137
Calculate the greatest common factor of 52 and 546.
26
Calculate the greatest common divisor of 36 and 6570.
18
What is the highest common factor of 6811 and 695?
139
What is the highest common factor of 143 and 156?
13
Calculate the highest common divisor of 68 and 51.
17
What is the highest common factor of 182 and 21?
7
Calculate the highest common factor of 39697 and 214.
107
Calculate the greatest common divisor of 2057 and 121.
121
Calculate the highest common divisor of 342 and 882.
18
What is the highest common divisor of 420 and 59430?
210
What is the greatest common factor of 416 and 182?
26
Calculate the greatest common factor of 40 and 305.
5
Calculate the greatest common divisor of 12 and 12.
12
Calculate the highest common divisor of 2 and 280.
2
What is the highest common factor of 1199 and 22?
11
Calculate the highest common divisor of 4 and 932.
4
What is the greatest common divisor of 18 and 738?
18
Calculate the greatest common factor of 87 and 17893.
29
What is the highest common divisor of 7 and 5?
1
Calculate the greatest common divisor of 26 and 2197.
13
What is the highest common factor of 64 and 6208?
64
What is the greatest common factor of 60 and 12?
12
Calculate the highest common factor of 56 and 518.
14
What is the highest common factor of 27 and 12987?
27
Calculate the greatest common divisor of 285 and 180.
15
Calculate the highest common divisor of 11398 and 82.
82
Calculate the greatest common factor of 221 and 2223.
13
What is the highest common factor of 224 and 1904?
112
What is the highest common factor of 113 and 6?
1
What is the highest common divisor of 10 and 30?
10
Calculate the highest common divisor of 19 and 589.
19
What is the highest common factor of 16262 and 1034?
94
Calculate the greatest common factor of 16 and 76.
4
What is the highest common factor of 288 and 12?
12
What is the greatest common factor of 2236 and 172?
172
What is the highest common divisor of 12 and 204?
12
Calculate the greatest common factor of 25 and 625.
25
Calculate the highest common divisor of 14 and 119.
7
What is the greatest common factor of 3008 and 846?
94
What is the highest common divisor of 993 and 3?
3
Calculate the highest common factor of 35 and 1050.
35
What is the greatest common factor of 3 and 147?
3
Calculate the highest common factor of 8 and 46.
2
Calculate the highest common factor of 335 and 4422.
67
Calculate the greatest common factor of 2547 and 9.
9
Calculate the highest common divisor of 600 and 75.
75
Calculate the greatest common divisor of 24 and 72.
24
What is the highest common factor of 39 and 975?
39
What is the greatest common divisor of 1664 and 128?
128
Calculate the greatest common divisor of 272 and 2788.
68
Calculate the highest common divisor of 759 and 33.
33
Calculate the highest common divisor of 44 and 990.
22
What is the highest common factor of 12 and 102?
6
What is the greatest common divisor of 442 and 52?
26
What is the greatest common factor of 129 and 48375?
129
What is the highest common factor of 342 and 152?
38
Calculate the highest common divisor of 18 and 2250.
18
What is the greatest common divisor of 182 and 4459?
91
Calculate the highest common factor of 765 and 90.
45
What is the greatest common factor of 16860 and 6?
6
What is the greatest common divisor of 572 and 26?
26
What is the greatest common divisor of 108 and 24?
12
What is the highest common divisor of 3045 and 105?
105
Calculate the highest common factor of 191 and 11269.
191
Calculate the greatest common divisor of 128 and 240.
16
Calculate the highest common divisor of 413 and 59.
59
What is the highest common divisor of 56 and 1500?
4
Calculate the greatest common factor of 342 and 266.
38
Calculate the greatest common divisor of 884 and 52.
52
What is the highest common factor of 377 and 39?
13
Calculate the highest common divisor of 202 and 1717.
101
Calculate the greatest common factor of 1357 and 472.
59
Calculate the highest common factor of 165 and 135.
15
What is the greatest common factor of 2419 and 59?
59
What is the greatest common divisor of 540 and 240?
60
Calculate the highest common factor of 4123 and 868.
217
Calculate the highest common factor of 109490 and 10.
10
What is the greatest common factor of 1944 and 84?
12
What is the greatest common factor of 1393 and 21?
7
Calculate the greatest common factor of 206 and 2575.
103
Calculate the greatest common factor of 116 and 174.
58
Calculate the greatest common divisor of 332 and 29216.
332
What is the greatest common factor of 2242 and 38?
38
What is the greatest common factor of 90 and 80?
10
Calculate the greatest common factor of 23 and 4531.
23
Calc